lse
Is 194033507 a composite number?
False
Is 934260991 composite?
False
Is 48195335707 a composite number?
True
Is 3147321487 composite?
True
Is 9740941801 prime?
True
Is 152580601 a composite number?
True
Is 2310451369 a prime number?
True
Is 6259916297 a composite number?
False
Is 1032786797 a composite number?
True
Is 2498685253 prime?
True
Is 317858209 composite?
False
Is 141419749 prime?
True
Is 10339248077 composite?
False
Is 252148693 prime?
True
Is 3820501451 a composite number?
True
Is 4363799903 composite?
True
Is 20080842269 prime?
True
Is 210504949 a prime number?
True
Is 125085487 a prime number?
False
Is 333514907 a prime number?
False
Is 6036817634 composite?
True
Is 4968366899 prime?
True
Is 15174371 a prime number?
True
Is 233079257 prime?
False
Is 1337028521 a prime number?
True
Is 632238989 a composite number?
True
Is 2095178401 a composite number?
True
Is 2569276239 a prime number?
False
Is 15349297 a composite number?
True
Is 639261367 composite?
True
Is 910106077 a prime number?
True
Is 17622032419 composite?
False
Is 126019817311 a composite number?
True
Is 1173317227 prime?
True
Is 2444811409 a prime number?
False
Is 937574713 composite?
False
Is 43981431729 prime?
False
Is 11351488937 composite?
True
Is 618965723 a prime number?
False
Is 161649069463 a prime number?
False
Is 2090264327 a composite number?
False
Is 151775017631 a composite number?
False
Is 129177043 a composite number?
False
Is 566653819 a composite number?
False
Is 99706508327 a prime number?
True
Is 5671305449 composite?
True
Is 712137541 composite?
False
Is 288838757 prime?
True
Is 243994027 composite?
False
Is 3552674357 composite?
True
Is 101005445357 a composite number?
False
Is 6610576507 prime?
False
Is 575710543 a prime number?
True
Is 455891099 prime?
True
Is 2384288443 composite?
True
Is 3201022277 a composite number?
False
Is 801395503 a composite number?
False
Is 3300701 a composite number?
True
Is 538018729 a prime number?
False
Is 1573089809 a composite number?
True
Is 2098237429 a prime number?
True
Is 872981899 prime?
True
Is 17121620573 a composite number?
False
Is 86979682637 composite?
False
Is 1910058527 a composite number?
True
Is 8953340023 a prime number?
True
Is 150857183 prime?
True
Is 1388657653 a composite number?
False
Is 1796958133 a composite number?
True
Is 21919697933 a prime number?
False
Is 29664972157 prime?
True
Is 5694000271 a prime number?
False
Is 13538321521 a composite number?
True
Is 1682422591 composite?
True
Is 10255394119 a prime number?
False
Is 14142482327 composite?
False
Is 774564023 a prime number?
True
Is 3069068533 prime?
True
Is 48484245053 composite?
False
Is 262288225985 prime?
False
Is 31785746935 composite?
True
Is 36507882269 prime?
True
Is 31445907817 composite?
False
Is 849773623 composite?
False
Is 4730640613 prime?
True
Is 1069670143 a composite number?
True
Is 92124334369 composite?
False
Is 19766285719 a prime number?
True
Is 488740081 prime?
True
Is 55979625509 a prime number?
True
Is 567597781 composite?
False
Is 7113453709 prime?
False
Is 856364869 composite?
True
Is 125519622637 a prime number?
True
Is 704974243 composite?
True
Is 5485835023 a prime number?
True
Is 52807189 prime?
False
Is 89089149 a composite number?
True
Is 1106147807 prime?
True
Is 7860616969 composite?
False
Is 3827752537 a composite number?
True
Is 4974040061 a prime number?
True
Is 24506878481 a composite number?
True
Is 296193781 a prime number?
False
Is 2415684941 prime?
False
Is 1060260719 a prime number?
False
Is 4634149083 a prime number?
False
Is 133421084149 a prime number?
False
Is 14748891653 a composite number?
True
Is 23985037259 a composite number?
False
Is 65769786653 a composite number?
False
Is 50433536747 a composite number?
True
Is 10954694273 a composite number?
False
Is 753392353 a prime number?
False
Is 2157732749 a composite number?
False
Is 2991951151 a prime number?
False
Is 27859824787 a composite number?
True
Is 136032931 composite?
True
Is 4090925089 a prime number?
False
Is 35050217183 a composite number?
False
Is 2068407343 a composite number?
False
Is 24708220826 prime?
False
Is 181761652799 a composite number?
False
Is 9365732393 prime?
False
Is 1932782461 a prime number?
True
Is 5918859701 a prime number?
True
Is 15065668963 a composite number?
False
Is 2145285169 prime?
True
Is 1095164519 a prime number?
True
Is 271309921 a prime number?
True
Is 16518352757 a prime number?
False
Is 954394963 a composite number?
True
Is 1237180429 a prime number?
True
Is 989775503 a prime number?
False
Is 109168409 prime?
False
Is 4429382651 a composite number?
False
Is 1693977397 a composite number?
True
Is 151723183 prime?
True
Is 3245959483 a prime number?
False
Is 75601979 prime?
True
Is 1846335343 a prime number?
True
Is 3661410769 a prime number?
True
Is 573913985 composite?
True
Is 505201891 prime?
False
Is 15474302534 prime?
False
Is 19176525707 a prime number?
True
Is 2222422549 composite?
True
Is 1297798009 composite?
False
Is 2170875271 prime?
False
Is 240276713 composite?
False
Is 63025482733 a composite number?
True
Is 449705741 a prime number?
True
Is 25084429607 composite?
False
Is 1557444223 a composite number?
True
Is 234818599 a composite number?
False
Is 7201825363 composite?
True
Is 520026343 a composite number?
True
Is 94663965013 composite?
False
Is 378538547 composite?
False
Is 7614829909 a prime number?
False
Is 7083657355 composite?
True
Is 46973381113 a prime number?
True
Is 923312539 a prime number?
True
Is 43681190681 a prime number?
True
Is 3073301234 composite?
True
Is 431597407499 composite?
False
Is 114771323449 a composite number?
True
Is 3791758609 prime?
False
Is 2436671353 composite?
True
Is 7389433939 a composite number?
False
Is 29582454197 a prime number?
True
Is 601394557 a composite number?
True
Is 416351513087 composite?
False
Is 37717136999 a prime number?
False
Is 30419023 prime?
True
Is 227506836539 a composite number?
True
Is 219912003123 a composite number?
True
Is 12688891609 prime?
False
Is 18918777223 composite?
True
Is 5320637797 prime?
True
Is 40114491631 a composite number?
True
Is 693115799 prime?
False
Is 2011570657 composite?
True
Is 1720689515 a composite number?
True
Is 7348690237 composite?
True
Is 109284859207 a composite number?
True
Is 928323139 a prime number?
True
Is 4530118847 a composite number?
True
Is 9479504851 prime?
True
Is 5167598903 prime?
True
Is 111209229457 a prime number?
True
Is 1287248377 composite?
True
Is 410555657 a composite number?
True
Is 128359531 a composite number?
False
Is 1747177853 a composite number?
True
Is 1531989447 a composite number?
True
Is 750720657 a composite number?
True
Is 33847587871 a prime number?
True
Is 141982327 a prime number?
True
Is 1906899067 prime?
True
Is 2298204851 composite?
False
Is 9766053619 composite?
True
Is 5108241683 a prime number?
False
Is 168358433 prime?
True
Is 135223643 a prime number?
False
Is 987690341 a prime number?
False
Is 1867593877 a composite number?
False
Is 1131833423 prime?
False
Is 374173951 composite?
False
Is 674961041 composite?
False
Is 40664793601 a composite number?
True
Is 457094023 composite?
False
Is 111731959 a prime number?
True
Is 20434599421 prime?
True
Is 4298800417 a composite number?
False
Is 28091544671 prime?
False
Is 20100796753 a composite number?
True
Is 2946969537 composite?
True
Is 58498753 a prime number?
True
Is 368162109209 composite?
False
Is 62879319059 a composite number?
True
Is 5752672477 composite?
False
Is 46334465737 prime?
False
Is 45202584281 a prime number?
True
Is 262205813 a prime number?
True
Is 120588623 a prime number?
True
Is 3806035187 prime?
False
Is 5978750251 a composite number?
True
Is 196093548485 composite?
True
Is 4544106883 prime?
False
Is 12320645885 a composite number?
True
Is 10314103741 a composite number?
False
Is 1686888217 a prime number?
False
Is 264951559 prime?
False
Is 1138229501 a composite number?
False
Is 82923622853 composite?
True
Is 27454951637 a composite number?
True
Is 1996233167 prime?
True
Is 7055060351 composite?
False
Is 684036349 a prime number?
False
Is 104119853 a prime number?
True
Is 22763595671 a prime number?
False
Is 3262942391 a prime number?
False
Is 1255030879 a prime